{"id":15303,"date":"2020-07-27T13:33:21","date_gmt":"2020-07-27T15:33:21","guid":{"rendered":"https:\/\/www.26notas.com.br\/blog\/?page_id=15303"},"modified":"2026-02-27T12:10:27","modified_gmt":"2026-02-27T15:10:27","slug":"uinl-uniao-internacional-do-notariado-principios-de-deontologia-notarial","status":"publish","type":"page","link":"https:\/\/www.26notas.com.br\/blog\/?page_id=15303","title":{"rendered":"UINL: Princ\u00edpios de Deontologia Notarial"},"content":{"rendered":"<p style=\"text-align: center;\"><img loading=\"lazy\" decoding=\"async\" class=\"aligncenter wp-image-15308\" src=\"https:\/\/www.26notas.com.br\/blog\/wp-content\/uploads\/2020\/07\/Logo-UINL.png\" alt=\"\" width=\"400\" height=\"72\" \/><\/p>\n<p style=\"text-align: right;\"><strong><a href=\"http:\/\/www.uinl.org\/\">UINL \u2013 Uni\u00e3o Internacional do Notariado<\/a><\/strong><\/p>\n<p><strong>\u00a0<\/strong><span style=\"color: #ffffff;\">.<\/span><\/p>\n<p><strong>PRINC\u00cdPIOS DE DEONTOLOGIA NOTARIAL<\/strong><\/p>\n<p><strong>1 &#8211; PREPARA\u00c7\u00c3O PROFISSIONAL<\/strong><\/p>\n<p><strong>1.1<\/strong> &#8211; O not\u00e1rio deve exercer sua atividade profissional com compet\u00eancia e prepara\u00e7\u00e3o adequada, com \u00eanfase nas fun\u00e7\u00f5es essenciais de aconselhamento, de interpreta\u00e7\u00e3o e de aplica\u00e7\u00e3o da lei, adquirindo conhecimentos espec\u00edficos nas mat\u00e9rias que interessam ao Notariado, levando em considera\u00e7\u00e3o as indica\u00e7\u00f5es de seus\u00a0\u00f3rg\u00e3os profissionais.<\/p>\n<p><strong>1.2<\/strong> &#8211; O not\u00e1rio deve cuidar particularmente de estar sempre atualizado em sua prepara\u00e7\u00e3o profissional, aplicando-se pessoalmente e participando das iniciativas de seus \u00f3rg\u00e3os profissionais.<\/p>\n<p><strong>2 &#8211; FUN\u00c7\u00c3O NOTARIAL<\/strong><\/p>\n<p><strong>2.1<\/strong> &#8211; O not\u00e1rio deve preparar na circunscri\u00e7\u00e3o territorial onde est\u00e1 autorizado a exercer sua delega\u00e7\u00e3o uma estrutura capaz de assegurar, gra\u00e7as \u00e0 utiliza\u00e7\u00e3o de tecnologias adequadas, um funcionamento regular e eficiente de seu Tabelionato.<\/p>\n<p><strong>2.2<\/strong> &#8211; O not\u00e1rio deve exercer a delega\u00e7\u00e3o\u00a0em seu Tabelionato\u00a0de modo a garantir uma disponibilidade efetiva do servi\u00e7o, assegurando sua presen\u00e7a pessoal e respeitando os hor\u00e1rios conforme as exig\u00eancias de seus usu\u00e1rios.<\/p>\n<p><strong>3 &#8211; RELA\u00c7\u00d5ES COM OS COLEGAS E OS \u00d3RG\u00c3OS PROFISSIONAIS<\/strong><\/p>\n<p><strong>3.1<\/strong> &#8211; O not\u00e1rio deve agir de acordo com seus colegas, respeitando os princ\u00edpios de corre\u00e7\u00e3o, de colabora\u00e7\u00e3o e de solidariedade, com interc\u00e2mbio m\u00fatuo de ajuda, de servi\u00e7os e de conselhos.<\/p>\n<p><strong>3.2<\/strong> &#8211; O not\u00e1rio n\u00e3o deve referir-se \u00e0 reputa\u00e7\u00e3o da profiss\u00e3o ou de um colega no sentido de denegrir sua autoridade, seu conhecimento ou os servi\u00e7os de um outro not\u00e1rio.<\/p>\n<p><strong>3.3<\/strong> &#8211; O not\u00e1rio deve, na medida de suas possibilidades, participar do desenvolvimento de sua profiss\u00e3o trocando conhecimentos e experi\u00eancias com seus colegas e, se for o caso, com os estudantes, colaborando com programas de forma\u00e7\u00e3o profissional.<\/p>\n<p><strong>3.4<\/strong> &#8211; O not\u00e1rio deve emprestar sua melhor colabora\u00e7\u00e3o aos seus \u00f3rg\u00e3os profissionais, para permitir que eles exer\u00e7am de maneira mais eficiente suas fun\u00e7\u00f5es; deve tamb\u00e9m estar disposto a participar da vida da profiss\u00e3o e aceitar os encargos que lhe sejam solicitados.<\/p>\n<p><strong>3.5<\/strong> &#8211; O not\u00e1rio membro de um \u00f3rg\u00e3o profissional deve executar suas fun\u00e7\u00f5es com disponibilidade e objetividade, cooperando no exerc\u00edcio cont\u00ednuo e efetivo do mandato e deveres outorgados, bem como promovendo o esp\u00edrito de uni\u00e3o entre os not\u00e1rios.<\/p>\n<p><strong>4 &#8211; CONCORR\u00caNCIA<\/strong><\/p>\n<p><strong>4.1<\/strong> &#8211; A aceita\u00e7\u00e3o do encargo profissional implica para o not\u00e1rio a obriga\u00e7\u00e3o de comportar-se corretamente, respeitando a livre escolha das partes, assim como uma concorr\u00eancia leal entre os not\u00e1rios.<\/p>\n<p><strong>4.2<\/strong> &#8211; O not\u00e1rio deve abster-se de procurar clientes a n\u00e3o ser por sua pr\u00f3pria capacidade profissional, n\u00e3o podendo recorrer \u00e0 redu\u00e7\u00e3o de emolumentos, nem aos servi\u00e7os de intermedi\u00e1rios de clientela, nem a outros instrumentos n\u00e3o conformes \u00e0 dignidade e ao prest\u00edgio da profiss\u00e3o.<\/p>\n<p><strong>5 &#8211; PUBLICIDADE<\/strong><\/p>\n<p><strong>5.1<\/strong> &#8211; \u00c9 proibida toda publicidade individual do not\u00e1rio, visando suas qualidades pessoais ou a atividade que ele exerce, bem como todas as outras formas de publicidade indireta que, por seus objetivos, produzam efeitos an\u00e1logos.<\/p>\n<p><strong>5.2<\/strong> &#8211; Est\u00e3o autorizadas as formas de publicidade coletiva, estritamente de informa\u00e7\u00e3o, realizadas por iniciativa dos \u00f3rg\u00e3os profissionais ou regulamentadas por eles, dentro do respeito de igualdade de tratamento entre todos os not\u00e1rios.<\/p>\n<p><strong>6 &#8211; ESCOLHA DO NOT\u00c1RIO<\/strong><\/p>\n<p><strong>6.1<\/strong> &#8211; A escolha do not\u00e1rio \u00e9 deixada \u00e0 livre decis\u00e3o dos interessados, salvo nos casos previstos por leis ou regulamentos.<\/p>\n<p><strong>6.2<\/strong> &#8211; A par do dever de imparcialidade, o not\u00e1rio deve abster-se de todo comportamento que, mesmo indiretamente, possa influir sobre a livre escolha dos interessados quanto ao not\u00e1rio a indicar.<\/p>\n<p><strong>7 &#8211; CAR\u00c1TER PESSOAL DA INTERVEN\u00c7\u00c3O NOTARIAL<\/strong><\/p>\n<p><strong>7.1<\/strong> &#8211; A presta\u00e7\u00e3o profissional do not\u00e1rio \u00e9 caracterizado por uma rela\u00e7\u00e3o de confian\u00e7a e pessoal com os clientes.\u00a0\u00a0O not\u00e1rio pode servir-se de auxiliares e colaboradores, com a condi\u00e7\u00e3o de que isto n\u00e3o afete em nada a natureza pessoal da presta\u00e7\u00e3o em seu conjunto.<\/p>\n<p><strong>7.2<\/strong> &#8211; Em qualquer caso, o not\u00e1rio deve proceder \u00e0 verifica\u00e7\u00e3o da identidade pessoal das partes e de sua capacidade.\u00a0\u00a0Ele deve igualmente interpretar a express\u00e3o de sua vontade.<\/p>\n<p><strong>8 &#8211; SEGREDO PROFISSIONAL<\/strong><\/p>\n<p><strong>8.1<\/strong> &#8211; O not\u00e1rio est\u00e1 obrigado a respeitar o segredo profissional, tanto por ocasi\u00e3o de sua presta\u00e7\u00e3o profissional quanto\u00a0em continua\u00e7\u00e3o.\u00a0\u00a0Tamb\u00e9m\u00a0deve cuidar e agir de tal maneira que esta regra seja respeitada igualmente por seus colaboradores e empregados.<\/p>\n<p><strong>8.2<\/strong> &#8211; O not\u00e1rio n\u00e3o est\u00e1 obrigado ao respeito do segredo profissional unicamente em raz\u00e3o do dever de colabora\u00e7\u00e3o com a autoridade p\u00fablica, a qual esteja ligado em virtude de uma regra espec\u00edfica, ou para atender uma ordem da autoridade judici\u00e1ria ou administrativa e, especialmente, da autoridade encarregada de cuidar da transpar\u00eancia das\u00a0transa\u00e7\u00f5es econ\u00f4micas.<\/p>\n<p><strong>9 &#8211; IMPARCIALIDADE E INDEPEND\u00caNCIA<\/strong><\/p>\n<p><strong>9.1<\/strong> &#8211; O not\u00e1rio deve comportar-se com imparcialidade e independ\u00eancia no exerc\u00edcio de sua profiss\u00e3o, evitando toda influ\u00eancia de tipo pessoal sobre sua atividade e toda forma de discrimina\u00e7\u00e3o em rela\u00e7\u00e3o a seus clientes.<\/p>\n<p><strong>9.2<\/strong> &#8211; Na presta\u00e7\u00e3o de seus servi\u00e7os, o not\u00e1rio deve manter uma posi\u00e7\u00e3o equilibrada entre os diferentes interesses das partes, e deve procurar uma solu\u00e7\u00e3o tendo como \u00fanico objetivo preservar a seguran\u00e7a comum das partes.<\/p>\n<p><strong>10 &#8211; DILIG\u00caNCIA E RESPONSABILIDADE<\/strong><\/p>\n<p><strong>10.1<\/strong> &#8211; No exerc\u00edcio de sua fun\u00e7\u00e3o, o not\u00e1rio deve agir de maneira adequada e construtiva, informando e aconselhando as partes sobre as conseq\u00fc\u00eancias poss\u00edveis da presta\u00e7\u00e3o solicitada, sob todos os aspectos do procedimento jur\u00eddico habitual que lhe \u00e9 confiado; escolhendo a forma jur\u00eddica mais de acordo com a vontade das partes, assegurando-se de sua legalidade e de sua pertin\u00eancia; fornecendo \u00e0s partes os esclarecimentos solicitados e necess\u00e1rios para lhes assegurar a conformidade com as decis\u00f5es tomadas e a consci\u00eancia do valor jur\u00eddico do ato.<\/p>\n<p><strong>10.2<\/strong> &#8211; O not\u00e1rio deve poder responder da maneira adequada, mesmo recorrendo a certas formas de seguro, aos riscos que comporta o exerc\u00edcio de sua fun\u00e7\u00e3o.<\/p>\n<p><span style=\"color: #ffffff;\">.<\/span><\/p>\n<p>O texto sobre os princ\u00edpios de deontologia notarial acima foi discutido e submetido \u00e0 vota\u00e7\u00e3o na Reuni\u00e3o do Conselho Permanente da\u00a0<a href=\"http:\/\/www.uinl.org\/\">UINL \u2013 Uni\u00e3o Internacional do Notariado<\/a>, realizada em janeiro de 2005, na cidade de San Jos\u00e9 da Costa Rica.<\/p>\n<p>Respons\u00e1vel pela vers\u00e3o em portugu\u00eas: Dr. Jo\u00e3o Figueiredo Ferreira, Diretor do\u00a0<a href=\"http:\/\/www.notariado.org.br\/\">Col\u00e9gio Notarial do Brasil<\/a>\u00a0\u2013 Conselho Federal e 2\u00ba Tabeli\u00e3o de Protestos\u00a0em Porto Alegre\u00a0&#8211; RS.<\/p>\n<p><span style=\"color: #ffffff;\">.<\/span><\/p>\n<p><strong>Deontologia e Regras de Organiza\u00e7\u00e3o para o Notariado<\/strong>, clique<a href=\"https:\/\/www.uinl.org\/organizacion-de-la-funcion\"><strong> aqui<\/strong><\/a><\/p>\n<p><strong>Princ\u00edpios Fundamentais<\/strong>, clique<strong>\u00a0<a href=\"https:\/\/www.notariado.org.br\/notariado\/principios-fundamentais\/\">aqui<\/a><\/strong><\/p>\n<div id=\"icpbravoaccess_loaded\"><\/div>\n","protected":false},"excerpt":{"rendered":"<p>UINL \u2013 Uni\u00e3o Internacional do Notariado \u00a0. PRINC\u00cdPIOS DE DEONTOLOGIA NOTARIAL 1 &#8211; PREPARA\u00c7\u00c3O PROFISSIONAL 1.1 &#8211; O not\u00e1rio deve exercer sua atividade profissional com compet\u00eancia e prepara\u00e7\u00e3o adequada, com \u00eanfase nas fun\u00e7\u00f5es essenciais de aconselhamento, de interpreta\u00e7\u00e3o e de aplica\u00e7\u00e3o da lei, adquirindo conhecimentos espec\u00edficos nas mat\u00e9rias que interessam ao Notariado, levando em considera\u00e7\u00e3o [&hellip;]<\/p>\n","protected":false},"author":4,"featured_media":0,"parent":0,"menu_order":4,"comment_status":"closed","ping_status":"closed","template":"","meta":{"footnotes":""},"class_list":["post-15303","page","type-page","status-publish","hentry"],"_links":{"self":[{"href":"https:\/\/www.26notas.com.br\/blog\/index.php?rest_route=\/wp\/v2\/pages\/15303","targetHints":{"allow":["GET"]}}],"collection":[{"href":"https:\/\/www.26notas.com.br\/blog\/index.php?rest_route=\/wp\/v2\/pages"}],"about":[{"href":"https:\/\/www.26notas.com.br\/blog\/index.php?rest_route=\/wp\/v2\/types\/page"}],"author":[{"embeddable":true,"href":"https:\/\/www.26notas.com.br\/blog\/index.php?rest_route=\/wp\/v2\/users\/4"}],"replies":[{"embeddable":true,"href":"https:\/\/www.26notas.com.br\/blog\/index.php?rest_route=%2Fwp%2Fv2%2Fcomments&post=15303"}],"version-history":[{"count":1,"href":"https:\/\/www.26notas.com.br\/blog\/index.php?rest_route=\/wp\/v2\/pages\/15303\/revisions"}],"predecessor-version":[{"id":20548,"href":"https:\/\/www.26notas.com.br\/blog\/index.php?rest_route=\/wp\/v2\/pages\/15303\/revisions\/20548"}],"wp:attachment":[{"href":"https:\/\/www.26notas.com.br\/blog\/index.php?rest_route=%2Fwp%2Fv2%2Fmedia&parent=15303"}],"curies":[{"name":"wp","href":"https:\/\/api.w.org\/{rel}","templated":true}]}}